{"id":9830,"date":"2021-03-31T09:13:19","date_gmt":"2021-03-31T07:13:19","guid":{"rendered":"https:\/\/lo6.szczecin.pl\/?page_id=9830"},"modified":"2023-03-29T13:44:29","modified_gmt":"2023-03-29T11:44:29","slug":"deklaracja-dostepnosci","status":"publish","type":"page","link":"https:\/\/lo6.szczecin.pl\/index.php\/deklaracja-dostepnosci\/","title":{"rendered":"Deklaracja dost\u0119pno\u015bci"},"content":{"rendered":"<h2 style=\"padding-left: 40px;\">Deklaracja dost\u0119pno\u015bci<\/h2>\n<p>&nbsp;<\/p>\n<p style=\"padding-left: 40px;\"><strong>Wst\u0119p<\/strong><\/p>\n<p style=\"padding-left: 40px;\">VI Liceum Og\u00f3lnokszta\u0142c\u0105ce im. Stefana Czarnieckiego w Szczecinie zobowi\u0105zuje si\u0119 zapewni\u0107 dost\u0119pno\u015b\u0107 swojej strony internetowej zgodnie z przepisami ustawy z dnia 4 kwietnia 2019 r. o dost\u0119pno\u015bci cyfrowej stron internetowych i aplikacji mobilnych podmiot\u00f3w publicznych. O\u015bwiadczenie w sprawie dost\u0119pno\u015bci ma zastosowanie do podmiotowej strony <a href=\"http:\/\/www.lo6.szczecin.pl\">www.lo6.szczecin.pl<\/a><\/p>\n<p style=\"padding-left: 40px;\">Data ostatniej istotnej aktualizacji: 30.03.2022 r.<\/p>\n<p style=\"padding-left: 40px;\">Strona internetowa jest cz\u0119\u015bciowo zgodna z ustaw\u0105 z dnia 4 kwietnia 2019 r. o dost\u0119pno\u015bci cyfrowej stron internetowych i aplikacji mobilnych podmiot\u00f3w publicznych z powodu niezgodno\u015bci lub wy\u0142\u0105cze\u0144 wymienionych poni\u017cej:<\/p>\n<ul>\n<li style=\"list-style-type: none;\">\n<ul>\n<li>filmy nie posiadaj\u0105 napis\u00f3w dla os\u00f3b g\u0142uchych,<\/li>\n<li>cz\u0119\u015b\u0107 plik\u00f3w nie jest dost\u0119pna cyfrowo.<\/li>\n<\/ul>\n<\/li>\n<\/ul>\n<p style=\"padding-left: 40px;\"><strong>Wy\u0142\u0105czenia:<\/strong><\/p>\n<ul>\n<li style=\"list-style-type: none;\">\n<ul>\n<li>filmy opublikowane przed 23 wrze\u015bnia 2020 r. s\u0105 wy\u0142\u0105czone z obowi\u0105zku zapewniania dost\u0119pno\u015bci;<\/li>\n<li>dokumenty tekstowe i tekstowo-graficzne, dokumenty utworzone w programach przeznaczonych do tworzenia prezentacji, edytorach teks\u00f3w lub arkuszy kalkulacyjnych, opublikowane przed dniem 23 wrze\u015bnia 2018 r. s\u0105 wy\u0142\u0105czone z obowi\u0105zku zapewniania dost\u0119pno\u015bci;<\/li>\n<li>mapy s\u0105 wy\u0142\u0105czone z obowi\u0105zku zapewniania dost\u0119pno\u015bci;<\/li>\n<li>pliki wytworzone przez inne podmioty ni\u017c VI Liceum Og\u00f3lnokszta\u0142c\u0105ce im. Stefana Czarnieckiego w Szczecinie i przekazane do publikacji w formie papierowej lub skan\u00f3w nie s\u0105 dost\u0119pne z uwagi na brak dost\u0119pu do danych \u017ar\u00f3d\u0142owych;<\/li>\n<li>tre\u015bci archiwalne, niewykorzystywane do realizacji bie\u017c\u0105cych zada\u0144 s\u0105 wy\u0142\u0105czone z obowi\u0105zku zapewniania dost\u0119pno\u015bci.<\/li>\n<\/ul>\n<\/li>\n<\/ul>\n<p style=\"padding-left: 40px;\">Poprawienie dost\u0119pno\u015bci strony z cofni\u0119ciem si\u0119 do wcze\u015bniejszych lat nios\u0142oby za sob\u0105 nadmierne obci\u0105\u017cenie dla podmiotu publicznego.<\/p>\n<p style=\"padding-left: 40px;\">O\u015bwiadczenie sporz\u0105dzono dnia: 30.03.2022 r.<\/p>\n<p style=\"padding-left: 40px;\">Deklaracj\u0119 sporz\u0105dzono na podstawie samooceny przeprowadzonej przez VI Liceum Og\u00f3lnokszta\u0142c\u0105ce im. Stefana Czarnieckiego w Szczecinie.<\/p>\n<p style=\"padding-left: 40px;\">Na stronie internetowej mo\u017cna korzysta\u0107 ze standardowych skr\u00f3t\u00f3w klawiaturowych.<\/p>\n<p style=\"padding-left: 40px;\"><strong>Informacje zwrotne i dane kontaktowe:<\/strong><\/p>\n<p style=\"padding-left: 40px;\">W przypadku problem\u00f3w z dost\u0119pno\u015bci\u0105 strony internetowej prosimy o kontakt telefoniczny +48 (091) 484 60 88, b\u0105d\u017a adres e-mail: sekretariat@lo6.szczecin.pl. T\u0105 sam\u0105 drog\u0105 mo\u017cna sk\u0142ada\u0107 wnioski o udost\u0119pnienie informacji niedost\u0119pnej oraz sk\u0142ada\u0107 \u017c\u0105dania zapewnienia dost\u0119pno\u015bci.<\/p>\n<p style=\"padding-left: 40px;\">Osob\u0105 kontaktow\u0105 jest Gra\u017cyna Nadziejko-Jura, adres e-mail:gjura@lo6.szczecin.pl.<\/p>\n<p style=\"padding-left: 40px;\"><strong>Informacje na temat procedury<\/strong><\/p>\n<p style=\"padding-left: 40px;\">Ka\u017cdy ma prawo do wyst\u0105pienia z \u017c\u0105daniem zapewnienia dost\u0119pno\u015bci cyfrowej strony internetowej, aplikacji mobilnej lub jakiego\u015b ich elementu. Mo\u017cna tak\u017ce za\u017c\u0105da\u0107 udost\u0119pnienia informacji za pomoc\u0105 alternatywnego sposobu dost\u0119pu, na przyk\u0142ad przez odczytanie niedost\u0119pnego cyfrowo dokumentu, opisanie zawarto\u015bci filmu bez audiodeskrypcji itp.<\/p>\n<p style=\"padding-left: 40px;\">\u017b\u0105danie powinno zawiera\u0107 dane osoby zg\u0142aszaj\u0105cej \u017c\u0105danie, wskazanie, o kt\u00f3ry element strony internetowej chodzi oraz spos\u00f3b kontaktu. Je\u017celi osoba \u017c\u0105daj\u0105ca zg\u0142asza potrzeb\u0119 otrzymania informacji za pomoc\u0105 alternatywnego sposobu dost\u0119pu, powinna tak\u017ce okre\u015bli\u0107 dogodny dla niej spos\u00f3b przedstawienia tej informacji.<\/p>\n<p style=\"padding-left: 40px;\">Podmiot publiczny powinien zrealizowa\u0107 \u017c\u0105danie niezw\u0142ocznie, nie p\u00f3\u017aniej ni\u017c w ci\u0105gu 7 dni od dnia wyst\u0105pienia z \u017c\u0105daniem. Je\u017celi dotrzymanie tego terminu nie jest mo\u017cliwe, podmiot publiczny niezw\u0142ocznie informuje o tym wnosz\u0105cego \u017c\u0105danie, kiedy realizacja \u017c\u0105dania b\u0119dzie mo\u017cliwa, przy czym termin ten nie mo\u017ce by\u0107 d\u0142u\u017cszy ni\u017c 2 miesi\u0105ce od dnia wyst\u0105pienia z \u017c\u0105daniem. Je\u017celi zapewnienie dost\u0119pno\u015bci cyfrowej nie jest mo\u017cliwe, podmiot publiczny mo\u017ce zaproponowa\u0107 alternatywny spos\u00f3b dost\u0119pu do informacji. W przypadku, gdy podmiot publiczny odm\u00f3wi realizacji \u017c\u0105dania zapewnienia dost\u0119pno\u015bci lub alternatywnego sposobu dost\u0119pu do informacji, wnosz\u0105cy \u017c\u0105danie mo\u017cne z\u0142o\u017cy\u0107 skarg\u0119 w sprawie zapewniana dost\u0119pno\u015bci cyfrowej strony internetowej, aplikacji mobilnej lub elementu strony internetowej, lub aplikacji mobilnej.<\/p>\n<p style=\"padding-left: 40px;\">Po wyczerpaniu wskazanej wy\u017cej procedury mo\u017cna tak\u017ce z\u0142o\u017cy\u0107 wniosek do Rzecznika Praw Obywatelskich.<\/p>\n<p style=\"padding-left: 40px;\"><strong>Dost\u0119pno\u015b\u0107 architektoniczna<\/strong><\/p>\n<p style=\"padding-left: 40px;\">VI Liceum Og\u00f3lnokszta\u0142c\u0105ce im. Stefana Czarnieckiego w Szczecinie mie\u015bci si\u0119 w dw\u00f3ch budynkach usytuowanych przy<br \/>\nul. Jagiello\u0144skiej 41 i 62 w Szczecinie:<\/p>\n<ul>\n<li style=\"list-style-type: none;\">\n<ul>\n<li>przy ul. Jagiello\u0144skiej 41 &#8211; znajduje si\u0119 g\u0142\u00f3wny budynek szko\u0142y,<\/li>\n<li>przy ul Jagiello\u0144skiej 62 &#8211; sala gimnastyczna.<\/li>\n<\/ul>\n<\/li>\n<\/ul>\n<p style=\"padding-left: 40px;\">Przed budynkami szko\u0142y brak miejsc parkingowych dla os\u00f3b niepe\u0142nosprawnych.<\/p>\n<p style=\"padding-left: 40px;\">Do g\u0142\u00f3wnego budynku szko\u0142y prowadz\u0105 2 wej\u015bcia, od ul. Jagiello\u0144skiej i od ul. Noakowskiego. Wej\u015bcia do budynku nie posiadaj\u0105 specjalnie przystosowanych wjazd\u00f3w dla os\u00f3b niepe\u0142nosprawnych.<\/p>\n<p style=\"padding-left: 40px;\">Budynek ma 3 kondygnacje, nie posiada windy ani toalet dostosowanych na potrzeby os\u00f3b niepe\u0142nosprawnych.<\/p>\n<p style=\"padding-left: 40px;\">Do budynku i wszystkich jego pomieszcze\u0144 mo\u017cna wej\u015b\u0107 z psem asystuj\u0105cym i psem przewodnikiem.<\/p>\n<p style=\"padding-left: 40px;\">W szkole nie ma p\u0119tli indukcyjnych.<\/p>\n<p style=\"padding-left: 40px;\">W budynku nie ma oznacze\u0144 w alfabecie brajla ani oznacze\u0144 kontrastowych lub w druku powi\u0119kszonym dla os\u00f3b niewidomych i s\u0142abowidz\u0105cych, nie mo\u017cna skorzysta\u0107 z t\u0142umacza j\u0119zyka migowego.<\/p>\n<p style=\"padding-left: 40px;\">Osoby z trudno\u015bciami w poruszaniu si\u0119 mog\u0105 liczy\u0107 na kontakt z pracownikiem szko\u0142y, po zawiadomieniu o takiej potrzebie.<\/p>\n<h3 style=\"padding-left: 40px;\">Raport dost\u0119pno\u015bci<\/h3>\n<p style=\"padding-left: 40px;\"><a href=\"https:\/\/lo6.szczecin.pl\/wp-content\/uploads\/2023\/03\/Scan2023-03-29_125036-Plan-dzialania-na-rzecz-poprawy-dostepnosci.pdf\">Za\u0142\u0105cznik<\/a><\/p>\n","protected":false},"excerpt":{"rendered":"<p>Deklaracja dost\u0119pno\u015bci &nbsp; Wst\u0119p VI Liceum Og\u00f3lnokszta\u0142c\u0105ce im. Stefana Czarnieckiego w Szczecinie zobowi\u0105zuje si\u0119 zapewni\u0107 dost\u0119pno\u015b\u0107 swojej strony internetowej zgodnie z przepisami ustawy z dnia 4 kwietnia 2019 r. o dost\u0119pno\u015bci cyfrowej stron internetowych i aplikacji mobilnych podmiot\u00f3w publicznych. O\u015bwiadczenie w sprawie dost\u0119pno\u015bci ma zastosowanie do podmiotowej strony www.lo6.szczecin.pl Data ostatniej istotnej aktualizacji: 30.03.2022 r&#8230;.<\/p>\n","protected":false},"author":4,"featured_media":0,"parent":0,"menu_order":0,"comment_status":"closed","ping_status":"closed","template":"","meta":{"_acf_changed":false,"_s2mail":"","footnotes":""},"class_list":["post-9830","page","type-page","status-publish","hentry"],"acf":[],"_links":{"self":[{"href":"https:\/\/lo6.szczecin.pl\/index.php\/wp-json\/wp\/v2\/pages\/9830","targetHints":{"allow":["GET"]}}],"collection":[{"href":"https:\/\/lo6.szczecin.pl\/index.php\/wp-json\/wp\/v2\/pages"}],"about":[{"href":"https:\/\/lo6.szczecin.pl\/index.php\/wp-json\/wp\/v2\/types\/page"}],"author":[{"embeddable":true,"href":"https:\/\/lo6.szczecin.pl\/index.php\/wp-json\/wp\/v2\/users\/4"}],"replies":[{"embeddable":true,"href":"https:\/\/lo6.szczecin.pl\/index.php\/wp-json\/wp\/v2\/comments?post=9830"}],"version-history":[{"count":6,"href":"https:\/\/lo6.szczecin.pl\/index.php\/wp-json\/wp\/v2\/pages\/9830\/revisions"}],"predecessor-version":[{"id":11674,"href":"https:\/\/lo6.szczecin.pl\/index.php\/wp-json\/wp\/v2\/pages\/9830\/revisions\/11674"}],"wp:attachment":[{"href":"https:\/\/lo6.szczecin.pl\/index.php\/wp-json\/wp\/v2\/media?parent=9830"}],"curies":[{"name":"wp","href":"https:\/\/api.w.org\/{rel}","templated":true}]}}