{"id":7482,"date":"2019-01-11T09:11:21","date_gmt":"2019-01-11T08:11:21","guid":{"rendered":"http:\/\/lo6.szczecin.pl\/?page_id=7482"},"modified":"2024-06-20T08:02:07","modified_gmt":"2024-06-20T06:02:07","slug":"szkola-cwiczen","status":"publish","type":"page","link":"https:\/\/lo6.szczecin.pl\/index.php\/szkola-cwiczen\/","title":{"rendered":"ZSS\u0106"},"content":{"rendered":"<p>[vc_row content_placement=&#8221;middle&#8221; overlay_color=&#8221;#ffffff&#8221; overlay_color_opacity=&#8221;100&#8243;][vc_column width=&#8221;1\/6&#8243; css=&#8221;.vc_custom_1551204057084{padding-top: 12px !important;}&#8221; offset=&#8221;vc_hidden-md vc_hidden-sm vc_hidden-xs&#8221;][\/vc_column][vc_column width=&#8221;2\/3&#8243;][vc_column_text css=&#8221;.vc_custom_1671794008606{padding-top: 20px !important;}&#8221;]<\/p>\n<div class=\"title cat_coltext_uczelnienauka\">\n<h1 class=\"title cat_coltext_uczelnienauka\" style=\"text-align: center;\"><img loading=\"lazy\" decoding=\"async\" class=\"aligncenter size-large wp-image-7638\" src=\"http:\/\/lo6.szczecin.pl\/wp-content\/uploads\/2019\/02\/S2elka-ue-1024x120.jpg\" alt=\"\" width=\"1024\" height=\"120\" srcset=\"https:\/\/lo6.szczecin.pl\/wp-content\/uploads\/2019\/02\/S2elka-ue-1024x120.jpg 1024w, https:\/\/lo6.szczecin.pl\/wp-content\/uploads\/2019\/02\/S2elka-ue-300x35.jpg 300w, https:\/\/lo6.szczecin.pl\/wp-content\/uploads\/2019\/02\/S2elka-ue-768x90.jpg 768w, https:\/\/lo6.szczecin.pl\/wp-content\/uploads\/2019\/02\/S2elka-ue.jpg 1250w\" sizes=\"auto, (max-width: 1024px) 100vw, 1024px\" \/><\/h1>\n<\/div>\n<div class=\"title cat_coltext_uczelnienauka\">\n<h1 class=\"title cat_coltext_uczelnienauka\" style=\"text-align: center;\"><span style=\"font-size: 18pt;\">Zachodniopomorska Szczeci\u0144ska Szko\u0142a \u0106wicze\u0144<\/span><\/h1>\n<p style=\"text-align: center;\"><span style=\"font-size: 14pt;\"><em>(SP 53, I LO, VI LO)<\/em><\/span><\/p>\n<h3 style=\"text-align: center;\">Projekt realizowany przez Gmin\u0119 Miasto Szczecin<\/h3>\n<p style=\"text-align: left;\">w partnerstwie z<\/p>\n<ul>\n<li><strong>Powiatem Stargardzkim<\/strong> \/ Powiatowy O\u015brodek Doskonalenia Nauczycieli,<\/li>\n<li><strong>Uniwersytetem Szczeci\u0144skim<\/strong><\/li>\n<\/ul>\n<p>Termin Realizacji: 1 stycznia 2019 &#8211; 31 grudnia 2020<\/p>\n<p>&nbsp;<\/p>\n<h3>Informacje og\u00f3lne<\/h3>\n<div class=\"title cat_coltext_uczelnienauka\"><strong>Szko\u0142a \u0107wicze\u0144<\/strong> to zesp\u00f3\u0142 zaplanowanych dzia\u0142a\u0144 szk\u00f3\u0142 i plac\u00f3wek oraz instytucji s\u0142u\u017c\u0105cych wspieraniu proces\u00f3w uczenia si\u0119 nauczycieli i student\u00f3w. To szko\u0142a, w kt\u00f3rej przyszli nauczyciele &#8211; obecnie studenci ostatnich kierunk\u00f3w studi\u00f3w pedagogicznych maj\u0105 do\u015bwiadcza\u0107 praktycznej weryfikacji poznawanej podczas studi\u00f3w teorii, a ju\u017c pracuj\u0105cy doskonali\u0107 sw\u00f3j warsztat pracy. Adresatami projektu s\u0105 r\u00f3wnie\u017c m\u0142odzi sta\u017cem dyrektorzy szk\u00f3\u0142.<\/div>\n<\/div>\n<p>Celem projektu jest realizacja zaj\u0119\u0107 w ramach 4 kompetencji kluczowych:<\/p>\n<ul>\n<li>matematycznych,<\/li>\n<li>przyrodniczych,<\/li>\n<li>informatycznych,<\/li>\n<li>j\u0119zykowych.<\/li>\n<\/ul>\n<p>Odpowiedzialni za realizacj\u0119 zada\u0144 zwi\u0105zanych z <strong>Zachodniopomorsk\u0105 Szczeci\u0144sk\u0105 Szko\u0142\u0105 \u0106wicze\u0144<\/strong> s\u0105 dyrektorzy szk\u00f3\u0142 wchodz\u0105cy w sk\u0142ad Zespo\u0142u Merytorycznego projektu: dyrektor I LO w Szczecinie, dyrektor Szko\u0142y Podstawowej nr 53 w Szczecinie oraz dyrektor VI LO w Szczecinie &#8211; kierownik Zespo\u0142u.<\/p>\n<p>Beneficjentem projektu jest Gmina Miasto Szczecin.<\/p>\n<p>Partnerami projektu s\u0105: Uniwersytet Szczeci\u0144ski i Powiatowy O\u015brodek Doskonalenia Nauczycieli w Stargardzie.<\/p>\n<p>Ponadto do wsp\u00f3\u0142pracy zosta\u0142y zaproszone: Gmina Police i Powiat Stargard, poniewa\u017c na\u00a0terenie tych samorz\u0105d\u00f3w od lat funkcjonuje dobrze zorganizowane doradztwo metodyczne dla nauczycieli.<\/p>\n<p>&nbsp;<\/p>\n<p style=\"text-align: center;\"><span style=\"color: #800000;\"><strong>Realizacja dzia\u0142a\u0144 w zakresie zapewnienia trwa\u0142o\u015bci projektu<br \/>\nZachodniopomorska Szczeci\u0144ska Szko\u0142a \u0106wicze\u0144<\/strong><\/span><\/p>\n<p style=\"text-align: center;\"><span style=\"color: #800000;\">Rok szkolny 2021\/2022<\/span><\/p>\n<h3><\/h3>\n<p><span style=\"color: #003366;\"><strong>Lekcje pokazowe<\/strong><\/span><strong>\u00a0<\/strong><\/p>\n<ol>\n<li><strong>J\u0119zyk angielski<\/strong> 2 godz.<\/li>\n<\/ol>\n<p>22.03.2022 r.<br \/>\nlekcja pokazowa dla nauczycieli szk\u00f3\u0142 podstawowych<br \/>\n<a href=\"https:\/\/lo6.szczecin.pl\/wp-content\/uploads\/2022\/12\/Ang-pierwszy-i-drugi.pdf\"><strong><em>Pierwszy i drugi tryb warunkowy w j\u0119zyku angielskim w zastosowaniu praktycznym<\/em><\/strong><\/a><br \/>\ngodz. 11.00 &#8211; 11:45, miejsce: SP53 w Szczecinie, ul. Siemiradzkiego 2, sala 22<\/p>\n<p>22.03.2022 r.<br \/>\nlekcja pokazowa dla nauczycieli szk\u00f3\u0142 ponadpodstawowych<br \/>\n<strong><em><a href=\"https:\/\/lo6.szczecin.pl\/wp-content\/uploads\/2022\/12\/Ang-konstrukacja-wish.pdf\">Konstrukcja &#8216;wish&#8217; dla czasu tera\u017aniejszego, przysz\u0142ego i zdarze\u0144 przesz\u0142ych. Praktyczne sposoby wyra\u017cania \u017calu, zdenerwowania i rozczarowania.<\/a><br \/>\n<\/em><\/strong>godz. 12.00 &#8211; 12:45, miejsce: SP53 w Szczecinie, ul. Siemiradzkiego 2, sala 22<\/p>\n<ol start=\"2\">\n<li><strong>Matematyka<\/strong> 2 godz.<\/li>\n<\/ol>\n<p>09.03.2022 r.<br \/>\nlekcja pokazowa dla nauczyciele szk\u00f3\u0142 podstawowych<br \/>\n<a href=\"https:\/\/lo6.szczecin.pl\/wp-content\/uploads\/2022\/12\/Mat-zastosowanie-dodawania.pdf\"><strong><em>Zastosowanie dodawania i odejmowania u\u0142amk\u00f3w dziesi\u0119tnych w sytuacjach praktycznych<\/em><\/strong><\/a><br \/>\ngodz. 13:50 &#8211; 14:35, miejsce: I Liceum Og\u00f3lnokszta\u0142c\u0105ce im. Marii Sk\u0142odowskie-Curie w Szczecinie 09.03.2022 r.<\/p>\n<p>09.03.2022 r.<br \/>\nlekcja pokazowa dla nauczyciele szk\u00f3\u0142 ponadpodstawowych<br \/>\n<a href=\"https:\/\/lo6.szczecin.pl\/wp-content\/uploads\/2022\/12\/Mat-Moocni-z-matmy.pdf\"><strong><em>Jak powtarza\u0107 materia\u0142 do matury?- &#8220;Moocni z matmy&#8221;- kurs porz\u0105dkuj\u0105cy wiedz\u0119 <\/em><\/strong><\/a><br \/>\ngodz. 13:50 &#8211; 14:35, miejsce: I Liceum Og\u00f3lnokszta\u0142c\u0105ce im. Marii Sk\u0142odowskie-Curie w Szczecinie<\/p>\n<ol start=\"3\">\n<li><strong>Informatyka<\/strong> 2 godz.<\/li>\n<\/ol>\n<p>11.04.2022 r.<br \/>\nlekcja pokazowa dla nauczyciele szk\u00f3\u0142 ponadpodstawowych<br \/>\n<a href=\"https:\/\/lo6.szczecin.pl\/wp-content\/uploads\/2022\/12\/Inf-kor_seryjna.pdf\"><strong><em>Korespondencja seryjna &#8211; zadania dla edytora tekstu i bazy danych <\/em><\/strong><\/a><br \/>\ngodz. 07:45 &#8211; 8:30, miejsce: VI Liceum Og\u00f3lnokszta\u0142c\u0105ce im. Stefana Czarnieckiego w Szczecinie, s. 10<\/p>\n<p>11.04.2022 r.<br \/>\nlekcja pokazowa dla nauczyciele szk\u00f3\u0142 ponadpodstawowych<br \/>\n<em><b><a href=\"https:\/\/lo6.szczecin.pl\/wp-content\/uploads\/2022\/12\/Inf-tworzenie-dyplomow.pdf\">Tworzenie dyplom\u00f3w z wykorzystaniem korespondencji seryjnej<\/a><br \/>\n<\/b><\/em>godz. 08:40 &#8211; 9:25, miejsce: VI Liceum Og\u00f3lnokszta\u0142c\u0105ce im. Stefana Czarnieckiego w Szczecinie, s. 10<\/p>\n<ol start=\"4\">\n<li><strong>Biologia<\/strong> 1 godz.<\/li>\n<\/ol>\n<p>24.03.2022 r.<br \/>\nlekcja pokazowa dla nauczyciele szk\u00f3\u0142 ponadpodstawowych<br \/>\n<strong><em><a href=\"https:\/\/lo6.szczecin.pl\/wp-content\/uploads\/2022\/12\/Biol-znamie.pdf\">Czerniak &#8211; znami\u0119 mam je. Profilaktyka chor\u00f3b sk\u00f3ry<\/a>.<br \/>\n<\/em><\/strong>godz. 14:20 &#8211; 15:05, miejsce: VI Liceum Og\u00f3lnokszta\u0142c\u0105ce im. Stefana Czarnieckiego w Szczecinie, s. 4<\/p>\n<ol start=\"5\">\n<li><strong>Chemia<\/strong> 1 godz.<\/li>\n<\/ol>\n<p>24.03.2022 r.<br \/>\nlekcja pokazowa dla nauczyciele szk\u00f3\u0142 ponadpodstawowych<br \/>\n<strong><em><a href=\"https:\/\/lo6.szczecin.pl\/wp-content\/uploads\/2022\/12\/Chem-badanie-wlasciwosci-tluszczow.pdf\">Badanie w\u0142a\u015bciwo\u015bci t\u0142uszcz\u00f3w<\/a><br \/>\n<\/em><\/strong>godz. 9:35 &#8211; 10:20, miejsce: VI Liceum Og\u00f3lnokszta\u0142c\u0105ce im. Stefana Czarnieckiego w Szczecinie, s. 2<\/p>\n<p>&nbsp;<\/p>\n<p><span style=\"color: #003366;\"><strong>Warsztaty laboratoryjne<\/strong><\/span><strong>\u00a0<\/strong><\/p>\n<ul>\n<li><strong>Biologia<\/strong> 2 godz.<\/li>\n<\/ul>\n<p>31.05.2022 r.<br \/>\nwarsztaty dla nauczycieli szk\u00f3\u0142 podstawowych i ponadpodstawowych<br \/>\n<a href=\"https:\/\/lo6.szczecin.pl\/wp-content\/uploads\/2022\/12\/Biol-poznaj-wieprza.pdf\"><strong><em>Poznaj wieprza od wn\u0119trza ? sekcja serca \u015bwini <\/em><\/strong><\/a><br \/>\ngodz. 12:30 &#8211; 14:10, miejsce: VI Liceum Og\u00f3lnokszta\u0142c\u0105ce im. Stefana Czarnieckiego w Szczecinie, s. 4<\/p>\n<ul>\n<li><strong>Chemia<\/strong> 2 godz.<\/li>\n<\/ul>\n<p>31.05.2022 r.<br \/>\nwarsztaty dla nauczycieli szk\u00f3\u0142 podstawowych i ponadpodstawowych<br \/>\n<strong><em><a href=\"https:\/\/lo6.szczecin.pl\/wp-content\/uploads\/2022\/12\/Chem-doswiadczenia.pdf\">Do\u015bwiadczenie chemiczne w praktyce szkolnej ? jak to zrobi\u0107<\/a>?<\/em><\/strong><br \/>\ngodz. 12:30 &#8211; 14:10, miejsce: VI Liceum Og\u00f3lnokszta\u0142c\u0105ce im. Stefana Czarnieckiego w Szczecinie, s. 2<\/p>\n<p>&nbsp;<\/p>\n<p><span style=\"color: #003366;\"><strong>Lekcje pokazowe dla student\u00f3w<\/strong><\/span><strong>\u00a0<\/strong><\/p>\n<ul>\n<li>J\u0119zyk angielski 4 godz.<\/li>\n<\/ul>\n<p style=\"padding-left: 40px;\"><a href=\"https:\/\/lo6.szczecin.pl\/wp-content\/uploads\/2022\/12\/Ang-pierwszy-i-drugi.pdf\">lekcja 1<\/a><br \/>\n<a href=\"https:\/\/lo6.szczecin.pl\/wp-content\/uploads\/2022\/12\/Ang-konstrukacja-wish.pdf\">lekcja 2<\/a><br \/>\n<a href=\"https:\/\/lo6.szczecin.pl\/wp-content\/uploads\/2022\/12\/Ang-zdarzenia.pdf\">lekcja 3<\/a><br \/>\n<a href=\"https:\/\/lo6.szczecin.pl\/wp-content\/uploads\/2022\/12\/Ang-wykorzystanie-gry.pdf\">lekcja<\/a> 4<br \/>\n<a href=\"https:\/\/lo6.szczecin.pl\/wp-content\/uploads\/2022\/12\/Ang-sposob-wyrazania.pdf\">lekcja 5<\/a><br \/>\n<a href=\"https:\/\/lo6.szczecin.pl\/wp-content\/uploads\/2022\/12\/Ang-roznice-w-zastosowaniu.pdf\">lekcja 6<\/a><br \/>\n<a href=\"https:\/\/lo6.szczecin.pl\/wp-content\/uploads\/2022\/12\/Ang-rzeczowniki-odslowne.pdf\">lekcja 7<\/a><br \/>\n<a href=\"https:\/\/lo6.szczecin.pl\/wp-content\/uploads\/2022\/12\/Ang-przyslowia-i-powiedzenia.pdf\">lekcja<\/a> 8<br \/>\n<a href=\"https:\/\/lo6.szczecin.pl\/wp-content\/uploads\/2022\/12\/Ang-graffiti.pdf\">lekcja 9<\/a><br \/>\n<a href=\"https:\/\/lo6.szczecin.pl\/wp-content\/uploads\/2022\/12\/Ang-czytanie.pdf\">lekcja 10<\/a><br \/>\n<a href=\"https:\/\/lo6.szczecin.pl\/wp-content\/uploads\/2022\/12\/Ang-co-jedza.pdf\">lekcja 11<\/a><\/p>\n<p>&nbsp;<\/p>\n<ul>\n<li>Matematyka 4 godz.<\/li>\n<\/ul>\n<p style=\"padding-left: 40px;\"><a href=\"https:\/\/lo6.szczecin.pl\/wp-content\/uploads\/2022\/12\/Mat-wykorzystanie-rownoleglosci.pdf\">lekcja 1<\/a><br \/>\n<a href=\"https:\/\/lo6.szczecin.pl\/wp-content\/uploads\/2022\/12\/Mat-fun_liniowa-1.pdf\">lekcja 2<\/a><br \/>\n<a href=\"https:\/\/lo6.szczecin.pl\/wp-content\/uploads\/2022\/12\/Mat-Wykorzystanie-rownoleglosci-i-prostopadlosci.pdf\">lekcja 3<\/a><br \/>\n<a href=\"https:\/\/lo6.szczecin.pl\/wp-content\/uploads\/2022\/12\/Mat-Twierdzenie-Talesa.pdf\">lekcja 4<\/a><\/p>\n<p>&nbsp;<\/p>\n<p>&nbsp;<\/p>\n<p>&nbsp;<\/p>\n<p>&nbsp;<\/p>\n<h3><\/h3>\n<h3><\/h3>\n<h3><\/h3>\n<h3><\/h3>\n<h3><\/h3>\n<h3><\/h3>\n<h3><\/h3>\n<h3><\/h3>\n<h3><\/h3>\n<h3><\/h3>\n<h3><\/h3>\n<h3>Podejmowane dzia\u0142ania w okresie 2019\/2020<\/h3>\n<p><span style=\"color: #003366;\">07.06.2019 r. Warsztaty metodyczne<\/span>: <em>KOMPETENCJE KLUCZOWE KLUCZEM DO WIEDZY, UMIEJETNOSCI I WSPOLPRACY<br \/>\n<\/em>miejsce: VI Liceum Og\u00f3lnokszta\u0142c\u0105ce w Szczecinie, godz. 12.00 &#8211; 16.00<br \/>\nSpotkanie dyrektor\u00f3w oraz warsztaty dla nauczycieli j\u0119zyka angielskiego, matematyki i przedmiot\u00f3w przyrodniczych.<br \/>\n(realizowane przez trener\u00f3w ZSS\u0106)<\/p>\n<p>25.09.2019 r. <span style=\"color: #003366;\"> Sie\u0144 nauczycieli przedmiot\u00f3w przyrodniczych<br \/>\n<span style=\"color: #000000;\">miejsce: PODN Stargard Plac Majdanek 7, <\/span><\/span><span style=\"color: #000000;\">godzina 14.30.<\/span><\/p>\n<p><span style=\"color: #003366;\">02.10. 2019 r. Sie\u0144 nauczycieli matematyki<\/span><br \/>\nmiejsce: I Liceum Og\u00f3lnokszta\u0142c\u0105ce w Szczecinie,\u00a0 godz. 14.00<\/p>\n<div data-canvas-width=\"127.19999999999999\"><span style=\"color: #003366;\">01, 02, 08.10 2019 r. Kurs style my\u015blenia FRIS<\/span><\/div>\n<div data-canvas-width=\"11.029333333333334\">miejsce:\u00a0PODN Stargard uczestnicy, 01.10.2019r. godz. 16.00<\/div>\n<div data-canvas-width=\"11.029333333333334\">miejsce:\u00a0\u00a0I LO Szczecin, 02.10.2019r. godz. 16.00<\/div>\n<div data-canvas-width=\"11.029333333333334\">miejsce:\u00a0VI LO Szczecin, 08.10.2019r. godz.\u00a016.00<\/div>\n<div data-canvas-width=\"421.75466666666676\">Na pierwszym spotkaniu nauczyciele otrzymaj\u0105 tokeny do badania FRIS<\/div>\n<p><span style=\"color: #003366;\">05.10.2019 r. &#8211; 18.04.2020 r. Kurs j\u0119z. angielskiego<\/span><br \/>\nmiejsce: VI Liceum Og\u00f3lnokszta\u0142c\u0105ce w Szczecinie, zgodnie z terminarzem spotka\u0144 rozes\u0142anym uczestnikom kursu.<\/p>\n<p><span style=\"color: #003366;\">10.10.2019 r. &#8211; 15.04.2020 r. Kurs TOC<\/span><br \/>\nmiejsce: zgodnie z terminarzem spotka\u0144 rozes\u0142anym uczestnikom kursu.<\/p>\n<p><span style=\"color: #003366;\">15.10.2019 r. &#8211; 20.03.2020 r. Kurs TIC<\/span><br \/>\nmiejsce: zgodnie z terminarzem spotka\u0144 rozes\u0142anym uczestnikom kursu.<\/p>\n<p><span style=\"color: #003366;\">21.10.2019 r. 06.04.2020 r. Kurs coachingowy<\/span><br \/>\nmiejsce: VI Liceum Og\u00f3lnokszta\u0142c\u0105ce w Szczecinie, godz. zgodnie z terminarzem spotka\u0144 rozes\u0142anym uczestnikom kursu.<\/p>\n<p><span style=\"color: #003366;\">07.11.2019 r. Warsztaty metodyczne<\/span>: <em>ZDALNE NAUCZANIE, INTERAKCJA Z KLAS\u0104 I OCENA PROCESU NAUCZANIA<\/em><em><br \/>\n<\/em>miejsce: VI Liceum Og\u00f3lnokszta\u0142c\u0105ce w Szczecinie, godz. 9.00 &#8211; 13.00<br \/>\nSpotkanie dyrektor\u00f3w oraz warsztaty dla nauczycieli j\u0119zyka angielskiego, matematyki i przedmiot\u00f3w przyrodniczych.<br \/>\n(realizowane przez trener\u00f3w ZSS\u0106)<\/p>\n<p><span style=\"color: #003366;\">21.11.2019 r. Lekcje otwarte\/pokazowe<\/span><br \/>\nmiejsce: I Liceum Og\u00f3lnokszta\u0142c\u0105ce w Szczecinie, godz. 13.30 &#8211; 15.30, matematyka<br \/>\nmiejsce: SP 53\u00a0 w Szczecinie, godz. 13.30 &#8211; 15.30, j\u0119z. angielski<br \/>\nmiejsce: VI Liceum Og\u00f3lnokszta\u0142c\u0105ce w Szczecinie, godz. 13.30 &#8211; 15.30, przedmioty przyrodnicze, sale 2, 4, 5, 10, 13<\/p>\n<p><span style=\"color: #003366;\">10, 16, 18.12.2019 r. Wyk\u0142ady z zakresu przedmiot\u00f3w przyrodniczych i informatyki US<\/span><br \/>\ngeografia: termin 16.12. (poniedzia\u0142ek), godz. 14.00, Wydzia\u0142 Nauk o Ziemi, ul. A. Mickiewicza 16, sala nr 2<br \/>\nbiologia: termin 10.12. (wtorek),\u00a0godz. 14.40\u00a0&#8211;\u00a016.20, sala 102, Instytut Biologii\u00a0US,\u00a0ul.\u00a0W\u0105ska 13, wej\u015bcie od Kili\u0144skiego (przy szlabanie)<br \/>\ninformatyka:\u00a0termin 18.12. (\u015broda), godzina 14.00, Instytut Matematyki, ul. Wielkopolska 15. max. 15 os\u00f3b\u00a0w sali komputerowej<\/p>\n<div data-canvas-width=\"328.0479999999999\"><span style=\"color: #003366;\">06.12.2019 r. Wyk\u0142ady z\u00a0 matematyki US<br \/>\n<span style=\"color: #000000;\">miejsce: Instytut Matematyki, ul. Wielkopolska 15<\/span><\/span><span style=\"color: #000000;\">, godz. 15:00<\/span><\/div>\n<p><span style=\"color: #003366;\">01.12.2019 r. &#8211; 30.03.2020 r. Konsultacje nauczycielskie\u00a0<\/span><br \/>\nmiejsce: I Liceum Og\u00f3lnokszta\u0142c\u0105ce w Stargardzie, SP Reptowo, SP Kunowo, ZS nr 8 w Szczecinie, SP 67 w Szczecinie, SP 3Police, SP 1 Stargard, wed\u0142ug indywidualnych harmonogram\u00f3w.<\/p>\n<p><span style=\"color: #003366;\">12.10.2020 r. Lekcje otwarte\/pokazowe<\/span><br \/>\nmiejsce: VI Liceum Og\u00f3lnokszta\u0142c\u0105ce w Szczecinie, godz. 13.20 &#8211; 16.00, przedmioty przyrodnicze, sale 2, 4, 5, 10, 13<\/p>\n<div data-canvas-width=\"208.544\"><span style=\"color: #003366;\">02.12.2020 r. Konferencja podsumowuj\u0105ca dzia\u0142anie ZSSC<br \/>\n<\/span>miejsce: on-line platforma edukacyjna MS Teams, godz. godz. 17.00?20.00.<\/div>\n<div data-canvas-width=\"208.544\"><\/div>\n<div data-canvas-width=\"208.544\"><span style=\"color: #003366;\">07.12.2020 r. Warsztaty metodyczne:<\/span> <em>ZDALNE NAUCZANIE, INTERAKCJA Z KLAS\u0104 I OCENA PROCESU NAUCZANIA<br \/>\n<\/em><\/div>\n<div data-canvas-width=\"208.544\">miejsce: platforma do pracy zdalnej MS Teams<br \/>\nprzedmioty przyrodnicze godz.17.00 &#8211; 19.00, matematyka godz. 15.15 &#8211; 17.30 i 17.45 &#8211; 19.30<\/div>\n<div data-canvas-width=\"208.544\"><\/div>\n<div data-canvas-width=\"208.544\"><\/div>\n<div data-canvas-width=\"208.544\"><\/div>\n<div data-canvas-width=\"208.544\"><\/div>\n<p>&nbsp;<\/p>\n<p>&nbsp;<\/p>\n<p><img loading=\"lazy\" decoding=\"async\" class=\"alignnone size-full wp-image-7745\" src=\"http:\/\/lo6.szczecin.pl\/wp-content\/uploads\/2019\/03\/BIP.jpg\" alt=\"\" width=\"256\" height=\"96\" \/><\/p>\n<h3><strong>Szczeg\u00f3\u0142owe informacje:<\/strong><\/h3>\n<p><a href=\"http:\/\/lo6.szczecin.pl\/wp-content\/uploads\/2019\/01\/ZSzSz\u0106.pdf\">Prezentacja projektu<\/a><\/p>\n<p><a href=\"http:\/\/bip.um.szczecin.pl\/chapter_131126.asp?soid=C73E8377575341FE9577A59B48CFFE56\">BIP Uchwa\u0142a Rady Miasta\u00a0w sprawie wyra\u017cenia zgody na przyst\u0105pienie Gminy Miasto Szczecin do projektu dofinansowanego z Europejskiego Funduszu Spo\u0142ecznego pn. &#8220;Zachodniopomorska Szczeci\u0144ska Szko\u0142a \u0106wicze\u0144&#8221;<\/a><\/p>\n<p>&nbsp;<\/p>\n<p><strong>Zg\u0142oszenia udzia\u0142u w projekcie:<\/strong><\/p>\n<p><a href=\"http:\/\/lo6.szczecin.pl\/wp-content\/uploads\/2019\/02\/REGULAMIN-REKRUTACJI-I-UCZESTNICTWA-W-PROJEKCIE-SC.pdf\">REGULAMIN REKRUTACJI I UCZESTNICTWA W PROJEKCIE SC<\/a><\/p>\n<p><a href=\"http:\/\/lo6.szczecin.pl\/wp-content\/uploads\/2019\/02\/Za\u0142.-1-deklaracja-szko\u0142y-\u0107wicze\u0144.pdf\">Za\u0142. 1 deklaracja szko\u0142y \u0107wicze\u0144<\/a><\/p>\n<p><a href=\"http:\/\/lo6.szczecin.pl\/wp-content\/uploads\/2019\/02\/Za\u0142.-1-a-deklaracja-szko\u0142y-czarno-biale.pdf\">Za\u0142. 1 a deklaracja szko\u0142y czarno bia\u0142e<\/a><\/p>\n<p><a href=\"http:\/\/lo6.szczecin.pl\/wp-content\/uploads\/2019\/02\/Za\u0142-2-deklaracja-dyr-szko\u0142y.pdf\">Za\u0142. 2 deklaracja dyrektora szko\u0142y<\/a><\/p>\n<p><a href=\"http:\/\/lo6.szczecin.pl\/wp-content\/uploads\/2019\/02\/Za\u0142.-3-deklaracja-nauczyciela.pdf\">Za\u0142. 3 deklaracja nauczyciela<\/a><\/p>\n<p><a href=\"http:\/\/lo6.szczecin.pl\/wp-content\/uploads\/2019\/02\/Za\u0142.-3-a-deklaracja-nauczyciela.pdf\">Za\u0142. 3 a deklaracja nauczyciela<\/a><\/p>\n<p><a href=\"http:\/\/lo6.szczecin.pl\/wp-content\/uploads\/2019\/02\/Za\u0142.-5-rezygnacja-z-projektu.pdf\">Za\u0142. 5 rezygnacja z projektu<\/a><\/p>\n<p><a href=\"http:\/\/lo6.szczecin.pl\/wp-content\/uploads\/2019\/02\/Za\u0142.-6-deklaracja-studenta.pdf\">Za\u0142. 6 deklaracja studenta<\/a><\/p>\n<p>[\/vc_column_text][\/vc_column][vc_column width=&#8221;1\/6&#8243; offset=&#8221;vc_hidden-md vc_hidden-sm vc_hidden-xs&#8221;][\/vc_column][\/vc_row]<\/p>\n","protected":false},"excerpt":{"rendered":"<p>[vc_row content_placement=&#8221;middle&#8221; overlay_color=&#8221;#ffffff&#8221; overlay_color_opacity=&#8221;100&#8243;][vc_column width=&#8221;1\/6&#8243; css=&#8221;.vc_custom_1551204057084{padding-top: 12px !important;}&#8221; offset=&#8221;vc_hidden-md vc_hidden-sm vc_hidden-xs&#8221;][\/vc_column][vc_column width=&#8221;2\/3&#8243;][vc_column_text css=&#8221;.vc_custom_1671794008606{padding-top: 20px !important;}&#8221;] Zachodniopomorska Szczeci\u0144ska Szko\u0142a \u0106wicze\u0144 (SP 53, I LO, VI LO) Projekt realizowany przez Gmin\u0119 Miasto Szczecin w partnerstwie z Powiatem Stargardzkim \/ Powiatowy O\u015brodek Doskonalenia Nauczycieli, Uniwersytetem Szczeci\u0144skim Termin Realizacji: 1 stycznia 2019 &#8211; 31 grudnia 2020 &nbsp; Informacje og\u00f3lne&#8230;<\/p>\n","protected":false},"author":3,"featured_media":0,"parent":0,"menu_order":0,"comment_status":"closed","ping_status":"closed","template":"template-fullwidth.php","meta":{"_acf_changed":false,"_s2mail":"","footnotes":""},"class_list":["post-7482","page","type-page","status-publish","hentry"],"acf":[],"_links":{"self":[{"href":"https:\/\/lo6.szczecin.pl\/index.php\/wp-json\/wp\/v2\/pages\/7482","targetHints":{"allow":["GET"]}}],"collection":[{"href":"https:\/\/lo6.szczecin.pl\/index.php\/wp-json\/wp\/v2\/pages"}],"about":[{"href":"https:\/\/lo6.szczecin.pl\/index.php\/wp-json\/wp\/v2\/types\/page"}],"author":[{"embeddable":true,"href":"https:\/\/lo6.szczecin.pl\/index.php\/wp-json\/wp\/v2\/users\/3"}],"replies":[{"embeddable":true,"href":"https:\/\/lo6.szczecin.pl\/index.php\/wp-json\/wp\/v2\/comments?post=7482"}],"version-history":[{"count":62,"href":"https:\/\/lo6.szczecin.pl\/index.php\/wp-json\/wp\/v2\/pages\/7482\/revisions"}],"predecessor-version":[{"id":12457,"href":"https:\/\/lo6.szczecin.pl\/index.php\/wp-json\/wp\/v2\/pages\/7482\/revisions\/12457"}],"wp:attachment":[{"href":"https:\/\/lo6.szczecin.pl\/index.php\/wp-json\/wp\/v2\/media?parent=7482"}],"curies":[{"name":"wp","href":"https:\/\/api.w.org\/{rel}","templated":true}]}}