{"id":6835,"date":"2018-09-04T10:45:58","date_gmt":"2018-09-04T08:45:58","guid":{"rendered":"http:\/\/lo6.szczecin.pl\/?page_id=6835"},"modified":"2024-06-20T08:24:56","modified_gmt":"2024-06-20T06:24:56","slug":"70-lecie","status":"publish","type":"page","link":"https:\/\/lo6.szczecin.pl\/index.php\/70-lecie\/","title":{"rendered":"70-lecie"},"content":{"rendered":"<p>[vc_row overlay_color=&#8221;#ffffff&#8221; overlay_color_opacity=&#8221;100&#8243; css=&#8221;.vc_custom_1551213427184{padding-top: 14px !important;}&#8221;][vc_column width=&#8221;1\/6&#8243; offset=&#8221;vc_hidden-md vc_hidden-sm vc_hidden-xs&#8221;][\/vc_column][vc_column width=&#8221;2\/3&#8243;]<h4 class=\"mpc-vc-deco-header vc_txt_align_center\"><span class=\"mpcth-color-main-border\">Jubileusz 70-lecia VI Liceum Og\u00f3lnokszta\u0142c\u0105cego w Szczecinie<\/span><\/h4>[vc_column_text]<\/p>\n<p style=\"text-align: right;\"><em>Wspomnienia s\u0105 jak per\u0142y: maj\u0105 w sobie co\u015b z klejnot\u00f3w i co\u015b z \u0142ez.<\/em><\/p>\n<p>&nbsp;<\/p>\n<p style=\"text-align: center;\"><span style=\"font-size: 14pt;\"><strong>Kochani Absolwenci i Przyjaciele <em>Sz\u00f3stki<\/em>!<\/strong><\/span><\/p>\n<p>Wielkimi krokami zbli\u017ca si\u0119 70-lecie VI LO, dlatego pragniemy zaprosi\u0107 wszystkich ch\u0119tnych do wsp\u00f3\u0142pracy w przygotowaniu tego jubileuszu. Aby godnie uczci\u0107 Szanown\u0105 Jubilatk\u0119, chcemy stworzy\u0107 monografi\u0119 naszej szko\u0142y, a tak\u017ce wyda\u0107 numer specjalny gazety szkolnej <em>Zbli\u017cenia <\/em>upami\u0119tniaj\u0105cy 100 niezwyk\u0142ych osobowo\u015bci <em>Sz\u00f3stki<\/em>. Jednak bez Waszej pomocy b\u0119dzie nam bardzo trudno. Przesy\u0142ajcie swoje propozycje, zdj\u0119cia i\u00a0wspomnienia na adres <u>sekretariat@lo6.szczecin.pl<\/u> lub kontaktujcie si\u0119 z nami telefonicznie (91-484-60-88), a\u00a0my wy\u015blemy redaktor\u00f3w naszej gazety, by spisali Wasze wspomnienia.<\/p>\n<p style=\"text-align: center;\"><span style=\"font-size: 14pt;\"><strong>Uroczysto\u015bci zwi\u0105zane z 70-leciem szko\u0142y b\u0119d\u0105 odbywa\u0107 si\u0119 27 i 28 wrze\u015bnia 2019 roku.<\/strong><\/span><\/p>\n<p style=\"text-align: center;\"><strong><span style=\"color: #800000;\">Program uroczysto\u015bci zwi\u0105zanych z\u00a0 70-leciem Szko\u0142y<\/span> <\/strong><\/p>\n<p style=\"text-align: center;\"><strong>Pi\u0105tek, 27 wrze\u015bnia 2019 r.:<\/strong><\/p>\n<p style=\"text-align: center;\"><strong>9.00\u00a0 Msza \u015awi\u0119ta<\/strong><\/p>\n<p style=\"text-align: center;\">Ko\u015bci\u00f3\u0142 pw. \u015bw. Andrzeja Boboli, ul. Pocztowa 22 w Szczecinie<\/p>\n<p style=\"text-align: center;\"><strong>12.00\u00a0 Uroczysta Akademia w Teatrze Wsp\u00f3\u0142czesnym<\/strong><\/p>\n<p style=\"text-align: center;\">Wa\u0142y Chrobrego 3 w Szczecinie<\/p>\n<p style=\"text-align: center;\"><strong>16.00 &#8211; 20.00\u00a0 Spotkania Absolwent\u00f3w <em>Sz\u00f3stki<\/em> w klasach<\/strong><\/p>\n<p style=\"text-align: center;\">VI LO, ul. Jagiello\u0144ska 41 w Szczecinie<\/p>\n<div class=\"ui-dialog ui-widget ui-widget-content ui-corner-all ui-draggable ui-resizable\" tabindex=\"-1\" role=\"dialog\" aria-labelledby=\"ui-dialog-title-dialogOdczyt\">\n<div id=\"dialogOdczyt\" class=\"ui-dialog-content ui-widget-content\" style=\"text-align: center;\"><strong>16 00\u00a0 <em>Cz\u0142owiek \u017cyje dop\u00f3ty, dop\u00f3ki trwa pami\u0119\u0107 o nim<br \/>\n<\/em><\/strong> sala 25.\u00a0 &#8211; nauczyciele we wspomnieniach uczni\u00f3w, anegdotach i fraszkach.<\/div>\n<\/div>\n<p style=\"text-align: center;\"><strong>Sobota, 28 wrze\u015bnia 2019 r.:<\/strong><\/p>\n<p style=\"text-align: center;\"><strong>8.00<em> Pami\u0119ci Tych, kt\u00f3rzy odeszli &#8230;<br \/>\n<\/em><\/strong><\/p>\n<p style=\"text-align: center;\">Odwiedzanie mogi\u0142 Profesor\u00f3w i Pracownik\u00f3w VI LO na Cmentarzy Centralnym w\u00a0Szczecinie, ul. Ku S\u0142o\u0144cu 125 A<\/p>\n<p style=\"text-align: center;\"><strong>9.30 -12.00 Jubileusz 70-lecia na sportowo<\/strong><\/p>\n<p style=\"text-align: center;\">Rozgrywki rekreacyjno-sportowe i ognisko na placu przy VI LO oraz w parku przy\u00a0ul.\u00a0Noakowskiego<\/p>\n<p style=\"text-align: center;\"><strong>9.45 Gra Szkolna VI LO<\/strong><\/p>\n<p style=\"text-align: center;\">zg\u0142oszenia absolwent\u00f3w do Gry Szkolnej &#8211; pi\u0105tek 27.09.2019 godz. 16.00 stoisko sportowe<\/p>\n<p style=\"text-align: center;\"><strong>11.00 Turniej Wielopokoleniowy VI LO\u00a0 pi\u0142ki siatkowej<\/strong><\/p>\n<p style=\"text-align: center;\">zg\u0142oszenia: pi\u0105tek 27.09.2019 godz. 16.00 stoisko sportowe<\/p>\n<p style=\"text-align: center;\"><strong>12.00 &#8211; 16.00\u00a0 Spotkania Go\u015bci Jubileuszu, uczni\u00f3w, rodzic\u00f3w, nauczycieli<\/strong> w szkole<\/p>\n<p>&nbsp;<\/p>\n<p style=\"text-align: center;\"><span style=\"color: #800000; font-size: 14pt;\"><strong>Bal Absolwent\u00f3w<\/strong> <\/span><\/p>\n<p style=\"text-align: center;\">SERDECZNIE ZAPRASZAMY NA BAL ABSOLWENT\u00d3W<br \/>\nVI LICEUM OG\u00d3LNOKSZTA\u0141C\u0104CEGO,<br \/>\nKT\u00d3RY ODB\u0118DZIE SI\u0118 28 WRZE\u015aNIA 2019 R.<br \/>\nW GODZINACH 19:00 &#8211; 3:00<br \/>\nW PA\u0141ACU RAJKOWO https:\/\/www.facebook.com\/palacrajkowo\/<\/p>\n<p style=\"text-align: center;\">Zg\u0142oszenia na bal przyjmujemy mailowo na adres sekretariat@lo6.szczecin.pl do 5 wrze\u015bnia 2019 r..<br \/>\nSzacunkowy koszt to 270 z\u0142, ostateczna cena zale\u017cy od liczby ch\u0119tnych.<\/p>\n<p style=\"text-align: center;\">Wp\u0142aty na Bal Absolwent\u00f3w przyjmowane s\u0105 do 12 wrze\u015bnia 2019 r. na konto Rady Rodzic\u00f3w z dopiskiem: Bal Absolwent\u00f3w, imi\u0119 i nazwisko, rocznik matury.<\/p>\n<p style=\"text-align: center;\">Rada Rodzic\u00f3w przy VI LO PKO SA IIO\/ Szczecin<\/p>\n<p style=\"text-align: center;\">BANK PKO S.A. numer konta 80 1240 3927 1111 0010 5556 6802<\/p>\n<p style=\"text-align: center;\">W razie pyta\u0144 prosimy o kontakt telefoniczny:<br \/>\nMonika: 695 375 757<br \/>\nPaulina: 604 542 154<\/p>\n<p>[\/vc_column_text]<h6 class=\"mpc-vc-deco-header vc_txt_align_center\"><span class=\"mpcth-color-main-border\">Wszystkie osoby zainteresowane Jubileuszem prosimy o rejestracje i dokonywanie wp\u0142at, kt\u00f3re pozwol\u0105 nam na dokonywanie zam\u00f3wie\u0144 i zakup\u00f3w pami\u0105tek jubileuszowych.<\/span><\/h6><h5 class=\"mpc-vc-deco-header vc_txt_align_center\"><span class=\"mpcth-color-main-border\">Spotkanie inauguruj\u0105ce obchody 70-lecie Szko\u0142y na STS Fryderyk Chopin - 16.06.2019 r. - Dni Morza 2019<\/span><\/h5>[vc_gallery type=&#8221;image_grid&#8221; images=&#8221;8168,8170,8171,8172,8173,8174,8175,8177,8178,8179,8180,8181,8182,8183,8184,8185,8186,8187,8188,8189,8190,8191,8192,8193,8194,8195,8196,8199,8200,8201,8202,8203,8204,8205,8206,8207,8208,8209,8210,8211,8212,8213,8215,8216,8217,8218,8219,8220,8221,8222,8223,8224,8225,8226,8227,8228,8229,8230,8231&#8243;][vc_single_image image=&#8221;8088&#8243; img_size=&#8221;800 x 342&#8243;][vc_column_text]<\/p>\n<p style=\"text-align: center;\"><span style=\"font-size: 12pt;\">W dniu 16 czerwca 2019 r. w godz. 12.00 &#8211; 14.00 (w czasie trwania Dni Morza 2019)<\/span><\/p>\n<p style=\"text-align: center;\"><span style=\"font-size: 12pt;\"> na \u017caglowcu STS Fryderyk Chopin <\/span><\/p>\n<p style=\"text-align: center;\"><span style=\"font-size: 12pt;\">na zaproszenie w\u0142a\u015bciciela \u017caglowca Pana Piotra Kulczyckiego (absolwenta VI LO w Szczecinie)<br \/>\nz udzia\u0142em zast\u0119pcy Prezydenta Miasta Szczecin Krzysztofa Soski (absolwenta VI LO w Szczecinie), <\/span><\/p>\n<p style=\"text-align: center;\"><span style=\"font-size: 12pt;\">odb\u0119dzie si\u0119 spotkanie Absolwent\u00f3w, Uczni\u00f3w i Pracownik\u00f3w Szko\u0142y &#8211; inauguruj\u0105ce obchody 70-lecia VI Liceum Og\u00f3lnokszta\u0142c\u0105cego im. Stefana Czarnieckiego w Szczecinie.<\/span><\/p>\n<p style=\"text-align: center;\">Wst\u0119p wolny.<\/p>\n<p style=\"text-align: center;\">Mi\u0142ym biletem wst\u0119pu (oczywi\u015bcie niekoniecznym) b\u0119dzie okazanie np. pami\u0105tki z okresu nauki w VI LO.<\/p>\n<p>[\/vc_column_text]<h5 class=\"mpc-vc-deco-header vc_txt_align_center\"><span class=\"mpcth-color-main-border\">``Spotkanie po latach``<\/span><\/h5>[vc_gallery type=&#8221;image_grid&#8221; images=&#8221;6718,6717,6716,6715,6714&#8243;][vc_column_text]W dniu 29 wrze\u015bnia (niedziela) szko\u0142a mo\u017ce by\u0107 udost\u0119pniona &#8220;na \u017cyczenie&#8221;.<\/p>\n<p>W sobot\u0119 9 czerwca 2018 r. odwiedzili nasz\u0105 szko\u0142\u0119 maturzy\u015bci sprzed 50 lat, dokonali pami\u0105tkowego wpisu w\u00a0 kronice i z\u0142o\u017cyli swoje podpisy na podarowanej grafice szko\u0142y.\u00a0 Wizyta w szkole trwa\u0142a ok. 2 godzin. Wspominali znajomych, nauczycieli i nauk\u0119 w szkole,\u00a0 w klasie nr 7 &#8211;\u00a0 by\u0142 nauczany j\u0119zyk \u0142aci\u0144ski, a biologia &#8211; tak jak dzi\u015b w klasie nr 4. Pami\u0119tali mieszcz\u0105cy si\u0119 w obecnym Klubie uczniowskim &#8211; basen.<\/p>\n<p>&nbsp;<\/p>\n<p>Ju\u017c teraz Pa\u0144stwo zadeklarowali ch\u0119\u0107 uczestniczenia nie tylko w obchodach, ale te\u017c w przygotowaniu Jubileuszu 70 lecia naszego liceum. Bardzo dzi\u0119kujemy\u00a0i czekamy na ponowne spotkanie.[\/vc_column_text][\/vc_column][vc_column width=&#8221;1\/6&#8243; offset=&#8221;vc_hidden-md vc_hidden-sm vc_hidden-xs&#8221;][\/vc_column][\/vc_row]<\/p>\n","protected":false},"excerpt":{"rendered":"<p>[vc_row overlay_color=&#8221;#ffffff&#8221; overlay_color_opacity=&#8221;100&#8243; css=&#8221;.vc_custom_1551213427184{padding-top: 14px !important;}&#8221;][vc_column width=&#8221;1\/6&#8243; offset=&#8221;vc_hidden-md vc_hidden-sm vc_hidden-xs&#8221;][\/vc_column][vc_column width=&#8221;2\/3&#8243;][vc_column_text] Wspomnienia s\u0105 jak per\u0142y: maj\u0105 w sobie co\u015b z klejnot\u00f3w i co\u015b z \u0142ez. &nbsp; Kochani Absolwenci i Przyjaciele Sz\u00f3stki! Wielkimi krokami zbli\u017ca si\u0119 70-lecie VI LO, dlatego pragniemy zaprosi\u0107 wszystkich ch\u0119tnych do wsp\u00f3\u0142pracy w przygotowaniu tego jubileuszu. Aby godnie uczci\u0107 Szanown\u0105 Jubilatk\u0119, chcemy&#8230;<\/p>\n","protected":false},"author":3,"featured_media":0,"parent":0,"menu_order":0,"comment_status":"closed","ping_status":"closed","template":"template-fullwidth.php","meta":{"_acf_changed":false,"_s2mail":"","footnotes":""},"class_list":["post-6835","page","type-page","status-publish","hentry"],"acf":[],"_links":{"self":[{"href":"https:\/\/lo6.szczecin.pl\/index.php\/wp-json\/wp\/v2\/pages\/6835","targetHints":{"allow":["GET"]}}],"collection":[{"href":"https:\/\/lo6.szczecin.pl\/index.php\/wp-json\/wp\/v2\/pages"}],"about":[{"href":"https:\/\/lo6.szczecin.pl\/index.php\/wp-json\/wp\/v2\/types\/page"}],"author":[{"embeddable":true,"href":"https:\/\/lo6.szczecin.pl\/index.php\/wp-json\/wp\/v2\/users\/3"}],"replies":[{"embeddable":true,"href":"https:\/\/lo6.szczecin.pl\/index.php\/wp-json\/wp\/v2\/comments?post=6835"}],"version-history":[{"count":50,"href":"https:\/\/lo6.szczecin.pl\/index.php\/wp-json\/wp\/v2\/pages\/6835\/revisions"}],"predecessor-version":[{"id":12458,"href":"https:\/\/lo6.szczecin.pl\/index.php\/wp-json\/wp\/v2\/pages\/6835\/revisions\/12458"}],"wp:attachment":[{"href":"https:\/\/lo6.szczecin.pl\/index.php\/wp-json\/wp\/v2\/media?parent=6835"}],"curies":[{"name":"wp","href":"https:\/\/api.w.org\/{rel}","templated":true}]}}

<p>[vc_row overlay_color=&#8221;#ffffff&#8221; overlay_color_opacity=&#8221;100&#8243; css=&#8221;.vc_custom_1551213427184{padding-top: 14px !important;}&#8221;][vc_column width=&#8221;1/6&#8243; offset=&#8221;vc_hidden-md vc_hidden-sm vc_hidden-xs&#8221;][/vc_column][vc_column width=&#8221;2/3&#8243;]<h4 class="mpc-vc-deco-header vc_txt_align_center"><span class="mpcth-color-main-border">Jubileusz 70-lecia VI Liceum Ogólnokształcącego w Szczecinie</span></h4>[vc_column_text]</p>
<p style="text-align: right;"><em>Wspomnienia są jak perły: mają w sobie coś z klejnotów i coś z łez.</em></p>
<p>&nbsp;</p>
<p style="text-align: center;"><span style="font-size: 14pt;"><strong>Kochani Absolwenci i Przyjaciele <em>Szóstki</em>!</strong></span></p>
<p>Wielkimi krokami zbliża się 70-lecie VI LO, dlatego pragniemy zaprosić wszystkich chętnych do współpracy w przygotowaniu tego jubileuszu. Aby godnie uczcić Szanowną Jubilatkę, chcemy stworzyć monografię naszej szkoły, a także wydać numer specjalny gazety szkolnej <em>Zbliżenia </em>upamiętniający 100 niezwykłych osobowości <em>Szóstki</em>. Jednak bez Waszej pomocy będzie nam bardzo trudno. Przesyłajcie swoje propozycje, zdjęcia i wspomnienia na adres <u>sekretariat@lo6.szczecin.pl</u> lub kontaktujcie się z nami telefonicznie (91-484-60-88), a my wyślemy redaktorów naszej gazety, by spisali Wasze wspomnienia.</p>
<p style="text-align: center;"><span style="font-size: 14pt;"><strong>Uroczystości związane z 70-leciem szkoły będą odbywać się 27 i 28 września 2019 roku.</strong></span></p>
<p style="text-align: center;"><strong><span style="color: #800000;">Program uroczystości związanych z  70-leciem Szkoły</span> </strong></p>
<p style="text-align: center;"><strong>Piątek, 27 września 2019 r.:</strong></p>
<p style="text-align: center;"><strong>9.00  Msza Święta</strong></p>
<p style="text-align: center;">Kościół pw. św. Andrzeja Boboli, ul. Pocztowa 22 w Szczecinie</p>
<p style="text-align: center;"><strong>12.00  Uroczysta Akademia w Teatrze Współczesnym</strong></p>
<p style="text-align: center;">Wały Chrobrego 3 w Szczecinie</p>
<p style="text-align: center;"><strong>16.00 &#8211; 20.00  Spotkania Absolwentów <em>Szóstki</em> w klasach</strong></p>
<p style="text-align: center;">VI LO, ul. Jagiellońska 41 w Szczecinie</p>
<div class="ui-dialog ui-widget ui-widget-content ui-corner-all ui-draggable ui-resizable" tabindex="-1" role="dialog" aria-labelledby="ui-dialog-title-dialogOdczyt">
<div id="dialogOdczyt" class="ui-dialog-content ui-widget-content" style="text-align: center;"><strong>16 00  <em>Człowiek żyje dopóty, dopóki trwa pamięć o nim<br />
</em></strong> sala 25.  &#8211; nauczyciele we wspomnieniach uczniów, anegdotach i fraszkach.</div>
</div>
<p style="text-align: center;"><strong>Sobota, 28 września 2019 r.:</strong></p>
<p style="text-align: center;"><strong>8.00<em> Pamięci Tych, którzy odeszli &#8230;<br />
</em></strong></p>
<p style="text-align: center;">Odwiedzanie mogił Profesorów i Pracowników VI LO na Cmentarzy Centralnym w Szczecinie, ul. Ku Słońcu 125 A</p>
<p style="text-align: center;"><strong>9.30 -12.00 Jubileusz 70-lecia na sportowo</strong></p>
<p style="text-align: center;">Rozgrywki rekreacyjno-sportowe i ognisko na placu przy VI LO oraz w parku przy ul. Noakowskiego</p>
<p style="text-align: center;"><strong>9.45 Gra Szkolna VI LO</strong></p>
<p style="text-align: center;">zgłoszenia absolwentów do Gry Szkolnej &#8211; piątek 27.09.2019 godz. 16.00 stoisko sportowe</p>
<p style="text-align: center;"><strong>11.00 Turniej Wielopokoleniowy VI LO  piłki siatkowej</strong></p>
<p style="text-align: center;">zgłoszenia: piątek 27.09.2019 godz. 16.00 stoisko sportowe</p>
<p style="text-align: center;"><strong>12.00 &#8211; 16.00  Spotkania Gości Jubileuszu, uczniów, rodziców, nauczycieli</strong> w szkole</p>
<p>&nbsp;</p>
<p style="text-align: center;"><span style="color: #800000; font-size: 14pt;"><strong>Bal Absolwentów</strong> </span></p>
<p style="text-align: center;">SERDECZNIE ZAPRASZAMY NA BAL ABSOLWENTÓW<br />
VI LICEUM OGÓLNOKSZTAŁCĄCEGO,<br />
KTÓRY ODBĘDZIE SIĘ 28 WRZEŚNIA 2019 R.<br />
W GODZINACH 19:00 &#8211; 3:00<br />
W PAŁACU RAJKOWO https://www.facebook.com/palacrajkowo/</p>
<p style="text-align: center;">Zgłoszenia na bal przyjmujemy mailowo na adres sekretariat@lo6.szczecin.pl do 5 września 2019 r..<br />
Szacunkowy koszt to 270 zł, ostateczna cena zależy od liczby chętnych.</p>
<p style="text-align: center;">Wpłaty na Bal Absolwentów przyjmowane są do 12 września 2019 r. na konto Rady Rodziców z dopiskiem: Bal Absolwentów, imię i nazwisko, rocznik matury.</p>
<p style="text-align: center;">Rada Rodziców przy VI LO PKO SA IIO/ Szczecin</p>
<p style="text-align: center;">BANK PKO S.A. numer konta 80 1240 3927 1111 0010 5556 6802</p>
<p style="text-align: center;">W razie pytań prosimy o kontakt telefoniczny:<br />
Monika: 695 375 757<br />
Paulina: 604 542 154</p>
<p>[/vc_column_text]<h6 class="mpc-vc-deco-header vc_txt_align_center"><span class="mpcth-color-main-border">Wszystkie osoby zainteresowane Jubileuszem prosimy o rejestracje i dokonywanie wpłat, które pozwolą nam na dokonywanie zamówień i zakupów pamiątek jubileuszowych.</span></h6><h5 class="mpc-vc-deco-header vc_txt_align_center"><span class="mpcth-color-main-border">Spotkanie inaugurujące obchody 70-lecie Szkoły na STS Fryderyk Chopin - 16.06.2019 r. - Dni Morza 2019</span></h5>[vc_gallery type=&#8221;image_grid&#8221; images=&#8221;8168,8170,8171,8172,8173,8174,8175,8177,8178,8179,8180,8181,8182,8183,8184,8185,8186,8187,8188,8189,8190,8191,8192,8193,8194,8195,8196,8199,8200,8201,8202,8203,8204,8205,8206,8207,8208,8209,8210,8211,8212,8213,8215,8216,8217,8218,8219,8220,8221,8222,8223,8224,8225,8226,8227,8228,8229,8230,8231&#8243;][vc_single_image image=&#8221;8088&#8243; img_size=&#8221;800 x 342&#8243;][vc_column_text]</p>
<p style="text-align: center;"><span style="font-size: 12pt;">W dniu 16 czerwca 2019 r. w godz. 12.00 &#8211; 14.00 (w czasie trwania Dni Morza 2019)</span></p>
<p style="text-align: center;"><span style="font-size: 12pt;"> na żaglowcu STS Fryderyk Chopin </span></p>
<p style="text-align: center;"><span style="font-size: 12pt;">na zaproszenie właściciela żaglowca Pana Piotra Kulczyckiego (absolwenta VI LO w Szczecinie)<br />
z udziałem zastępcy Prezydenta Miasta Szczecin Krzysztofa Soski (absolwenta VI LO w Szczecinie), </span></p>
<p style="text-align: center;"><span style="font-size: 12pt;">odbędzie się spotkanie Absolwentów, Uczniów i Pracowników Szkoły &#8211; inaugurujące obchody 70-lecia VI Liceum Ogólnokształcącego im. Stefana Czarnieckiego w Szczecinie.</span></p>
<p style="text-align: center;">Wstęp wolny.</p>
<p style="text-align: center;">Miłym biletem wstępu (oczywiście niekoniecznym) będzie okazanie np. pamiątki z okresu nauki w VI LO.</p>
<p>[/vc_column_text]<h5 class="mpc-vc-deco-header vc_txt_align_center"><span class="mpcth-color-main-border">``Spotkanie po latach``</span></h5>[vc_gallery type=&#8221;image_grid&#8221; images=&#8221;6718,6717,6716,6715,6714&#8243;][vc_column_text]W dniu 29 września (niedziela) szkoła może być udostępniona &#8220;na życzenie&#8221;.</p>
<p>W sobotę 9 czerwca 2018 r. odwiedzili naszą szkołę maturzyści sprzed 50 lat, dokonali pamiątkowego wpisu w  kronice i złożyli swoje podpisy na podarowanej grafice szkoły.  Wizyta w szkole trwała ok. 2 godzin. Wspominali znajomych, nauczycieli i naukę w szkole,  w klasie nr 7 &#8211;  był nauczany język łaciński, a biologia &#8211; tak jak dziś w klasie nr 4. Pamiętali mieszczący się w obecnym Klubie uczniowskim &#8211; basen.</p>
<p>&nbsp;</p>
<p>Już teraz Państwo zadeklarowali chęć uczestniczenia nie tylko w obchodach, ale też w przygotowaniu Jubileuszu 70 lecia naszego liceum. Bardzo dziękujemy i czekamy na ponowne spotkanie.[/vc_column_text][/vc_column][vc_column width=&#8221;1/6&#8243; offset=&#8221;vc_hidden-md vc_hidden-sm vc_hidden-xs&#8221;][/vc_column][/vc_row]</p>

<p>[vc_row overlay_color=&#8221;#ffffff&#8221; overlay_color_opacity=&#8221;100&#8243; css=&#8221;.vc_custom_1551213427184{padding-top: 14px !important;}&#8221;][vc_column width=&#8221;1/6&#8243; offset=&#8221;vc_hidden-md vc_hidden-sm vc_hidden-xs&#8221;][/vc_column][vc_column width=&#8221;2/3&#8243;][vc_column_text] Wspomnienia są jak perły: mają w sobie coś z klejnotów i coś z łez. &nbsp; Kochani Absolwenci i Przyjaciele Szóstki! Wielkimi krokami zbliża się 70-lecie VI LO, dlatego pragniemy zaprosić wszystkich chętnych do współpracy w przygotowaniu tego jubileuszu. Aby godnie uczcić Szanowną Jubilatkę, chcemy&#8230;</p>
