{"id":3697,"date":"2017-03-29T12:56:30","date_gmt":"2017-03-29T10:56:30","guid":{"rendered":"http:\/\/aero360.pl\/?page_id=3697"},"modified":"2025-07-28T13:29:50","modified_gmt":"2025-07-28T11:29:50","slug":"podreczniki","status":"publish","type":"page","link":"https:\/\/lo6.szczecin.pl\/index.php\/podreczniki\/","title":{"rendered":"Podr\u0119czniki"},"content":{"rendered":"<p>[vc_row][vc_column]<h3 class=\"mpc-vc-deco-header vc_txt_align_center\"><span class=\"mpcth-color-main-border\">Podr\u0119czniki na rok szkolny 2025\/2026<\/span><\/h3>[\/vc_column][\/vc_row][vc_row][vc_column]<h4 class=\"mpc-vc-deco-header vc_txt_align_center\"><span class=\"mpcth-color-main-border\">Kiermasz podr\u0119cznik\u00f3w u\u017cywanych odbywa si\u0119 w spos\u00f3b ci\u0105g\u0142y na Instagram&#039;ie Rady Pi\u0119ciu szko\u0142y.<\/span><\/h4>[\/vc_column][\/vc_row][vc_row][vc_column]<h6 class=\"mpc-vc-deco-header vc_txt_align_left\"><span class=\"mpcth-color-main-border\">Klasy I - IV (zostan\u0105 opublikowane 21 lipca 2025 r.)<\/span><\/h6>[vc_btn title=&#8221;Wszystkie klasy&#8221; link=&#8221;url:https%3A%2F%2Flo6.szczecin.pl%2Fwp-content%2Fuploads%2F2025%2F07%2FLista_podrecznikow_2025_2026u-1.pdf|||&#8221;][\/vc_column][\/vc_row]<\/p>\n","protected":false},"excerpt":{"rendered":"<p>[vc_row][vc_column][\/vc_column][\/vc_row][vc_row][vc_column][\/vc_column][\/vc_row][vc_row][vc_column][vc_btn title=&#8221;Wszystkie klasy&#8221; link=&#8221;url:https%3A%2F%2Flo6.szczecin.pl%2Fwp-content%2Fuploads%2F2025%2F07%2FLista_podrecznikow_2025_2026u-1.pdf|||&#8221;][\/vc_column][\/vc_row]<\/p>\n","protected":false},"author":3,"featured_media":0,"parent":0,"menu_order":0,"comment_status":"closed","ping_status":"closed","template":"","meta":{"_acf_changed":false,"_s2mail":"","footnotes":""},"class_list":["post-3697","page","type-page","status-publish","hentry"],"acf":[],"_links":{"self":[{"href":"https:\/\/lo6.szczecin.pl\/index.php\/wp-json\/wp\/v2\/pages\/3697","targetHints":{"allow":["GET"]}}],"collection":[{"href":"https:\/\/lo6.szczecin.pl\/index.php\/wp-json\/wp\/v2\/pages"}],"about":[{"href":"https:\/\/lo6.szczecin.pl\/index.php\/wp-json\/wp\/v2\/types\/page"}],"author":[{"embeddable":true,"href":"https:\/\/lo6.szczecin.pl\/index.php\/wp-json\/wp\/v2\/users\/3"}],"replies":[{"embeddable":true,"href":"https:\/\/lo6.szczecin.pl\/index.php\/wp-json\/wp\/v2\/comments?post=3697"}],"version-history":[{"count":52,"href":"https:\/\/lo6.szczecin.pl\/index.php\/wp-json\/wp\/v2\/pages\/3697\/revisions"}],"predecessor-version":[{"id":12879,"href":"https:\/\/lo6.szczecin.pl\/index.php\/wp-json\/wp\/v2\/pages\/3697\/revisions\/12879"}],"wp:attachment":[{"href":"https:\/\/lo6.szczecin.pl\/index.php\/wp-json\/wp\/v2\/media?parent=3697"}],"curies":[{"name":"wp","href":"https:\/\/api.w.org\/{rel}","templated":true}]}}

Podręczniki

<p>[vc_row][vc_column]<h3 class="mpc-vc-deco-header vc_txt_align_center"><span class="mpcth-color-main-border">Podręczniki na rok szkolny 2025/2026</span></h3>[/vc_column][/vc_row][vc_row][vc_column]<h4 class="mpc-vc-deco-header vc_txt_align_center"><span class="mpcth-color-main-border">Kiermasz podręczników używanych odbywa się w sposób ciągły na Instagram&#039;ie Rady Pięciu szkoły.</span></h4>[/vc_column][/vc_row][vc_row][vc_column]<h6 class="mpc-vc-deco-header vc_txt_align_left"><span class="mpcth-color-main-border">Klasy I - IV (zostaną opublikowane 21 lipca 2025 r.)</span></h6>[vc_btn title=&#8221;Wszystkie klasy&#8221; link=&#8221;url:https%3A%2F%2Flo6.szczecin.pl%2Fwp-content%2Fuploads%2F2025%2F07%2FLista_podrecznikow_2025_2026u-1.pdf|||&#8221;][/vc_column][/vc_row]</p>
