{"id":3570,"date":"2017-03-27T20:00:33","date_gmt":"2017-03-27T18:00:33","guid":{"rendered":"http:\/\/aero360.pl\/?page_id=3570"},"modified":"2025-08-28T09:17:26","modified_gmt":"2025-08-28T07:17:26","slug":"kalendarium","status":"publish","type":"page","link":"https:\/\/lo6.szczecin.pl\/index.php\/kalendarium\/","title":{"rendered":"Kalendarium"},"content":{"rendered":"<p>[vc_row][vc_column]<h5 class=\"mpc-vc-deco-header vc_txt_align_center\"><span class=\"mpcth-color-main-border\">Organizacja roku szkolnego 2024\/2025<\/span><\/h5>[\/vc_column][\/vc_row][vc_row][vc_column][vc_column_text]<\/p>\n<p style=\"text-align: center;\"><strong>Organizacja roku szkolnego 2025\/2026<\/strong><\/p>\n<ol>\n<li>Zaj\u0119cia dydaktyczne w roku szkolnym 2025\/2026 dla klas I, II i III trwaj\u0105 od\u00a0<strong>1\u00a0wrze\u015bnia\u00a02025 r. <\/strong>do\u00a0<strong>26\u00a0czerwca 2026 r.<\/strong><\/li>\n<li>Zaj\u0119cia dydaktyczne w klasach maturalnych ko\u0144cz\u0105 si\u0119 <strong>24 kwietnia 2026 r.<\/strong><\/li>\n<li>Semestr I trwa od <strong>1 wrze\u015bnia 2025 r. <\/strong>do <strong>18 stycznia 2026 r.<\/strong><\/li>\n<li>Semestr II trwa od <strong>19 stycznia 2026 r. <\/strong>do <strong>26 czerwca 2026 r. <\/strong>w klasach I, II i III<strong>, <\/strong>od <strong>19 stycznia 2026 r. <\/strong>do <strong>24 kwietnia 2026 r. <\/strong>w klasach IV.<\/li>\n<li>Diagnozy z j\u0119zyk\u00f3w obcych w klasach I odb\u0119d\u0105 si\u0119 w dniu <strong>1 wrze\u015bnia 2025 r.<\/strong><\/li>\n<li>Diagnozy z j\u0119zyka polskiego i matematyki w klasach I odb\u0119d\u0105 si\u0119 w\u00a0dniu\u00a0<strong>2\u00a0wrze\u015bnia\u00a02025 r.<\/strong><\/li>\n<li>Diagnozy z przedmiot\u00f3w kierunkowych w danej klasie I zostan\u0105 przeprowadzone w\u00a0czasie pierwszych lekcji z przedmiotu <strong>do 15<\/strong> <strong>wrze\u015bnia\u00a02025 r.<\/strong><\/li>\n<li>Wyjazd integracyjny uczni\u00f3w klas I:<strong> 3 &#8211; 5 wrze\u015bnia 2025 r.<\/strong><\/li>\n<li>Zimowa przerwa \u015bwi\u0105teczna: <strong>22 &#8211; 31 grudnia 2025 r<\/strong>.<\/li>\n<li>Ostateczna klasyfikacja \u015br\u00f3droczna uczni\u00f3w kl. I, II, III, IV: <strong>16 stycznia 2026 r.<\/strong><\/li>\n<li>Ferie zimowe: <strong>2 &#8211; 15 lutego 2026 r.<\/strong><\/li>\n<li>Rekolekcje Wielkopostne: <strong>marzec 2026 r.<\/strong><\/li>\n<li>Wiosenna przerwa \u015bwi\u0105teczna: <strong>2 kwietnia &#8211; 7 kwietnia 2026 r.<\/strong><\/li>\n<li>Ostateczna klasyfikacja roczna uczni\u00f3w klas IV: <strong>20 kwietnia 2026 r.<\/strong><\/li>\n<li>Zako\u0144czenie zaj\u0119\u0107 dydaktyczno-wychowawczych dla uczni\u00f3w klas IV: <strong>24\u00a0kwietnia\u00a02026\u00a0r.<\/strong><\/li>\n<li>Egzaminy maturalne pisemne: <strong>4 maja &#8211; 22 maja 2026 <\/strong><\/li>\n<li>Egzaminy maturalne ustne: <strong>9 maja &#8211; 24 maja 2026 <\/strong><\/li>\n<li>Ostateczna klasyfikacja roczna uczni\u00f3w klas I, II i III: <strong>22 czerwca<\/strong><strong> 2026 r.<\/strong><\/li>\n<li>Zako\u0144czenie zaj\u0119\u0107 dydaktyczno-wychowawczych dla uczni\u00f3w klas I, II i III: <strong>26\u00a0czerwca\u00a02026 r.<\/strong><\/li>\n<li>Ferie letnie: <strong>27 czerwca 2026 r.<\/strong><strong> &#8211;<\/strong> <strong>31 sierpnia 2026 r.<\/strong><\/li>\n<li>Zebrania z rodzicami (sta\u0142e) w <strong>czwartki maj\u0105 charakter zebra\u0144 og\u00f3lnych i\/lub\u00a0konsultacji indywidualnych z nauczycielami.<\/strong><\/li>\n<\/ol>\n<p>Przed lub po zebraniach z rodzicami <strong>odbywaj\u0105 si\u0119 spotkania przedstawicieli Rady\u00a0Rodzic\u00f3w VI LO wed\u0142ug harmonogramu ustalonego prze Rad\u0119 Rodzic\u00f3w VI LO:<\/strong><\/p>\n<ul>\n<li><strong>1 wrze\u015bnia 2025 r., godz. 17.00<\/strong>: klasy I &#8211; ZEBRANIA OG\u00d3LNE: organizacja pracy w szkole ze szczeg\u00f3lnym uwzgl\u0119dnieniem roku szkolnego 2025\/2026, wyjazd integracyjny do \u0141uk\u0119cina, wyb\u00f3r klasowej rady rodzic\u00f3w, sprawy bie\u017c\u0105ce;<\/li>\n<li><strong>11 wrze\u015bnia 2025 r., godz. 17.00 <\/strong>\u00a0&#8211; klasy IIII &#8211; ZEBRANIA OG\u00d3LNE: organizacja pracy w szkole w roku szkolnym 2025\/2026, wyb\u00f3r klasowej rady rodzic\u00f3w, \u00a0sprawy bie\u017c\u0105ce;<\/li>\n<li><strong>11 wrze\u015bnia 2025 r., godz. 18.00<\/strong>: klasy II i IV &#8211; ZEBRANIA OG\u00d3LNE: organizacja pracy w szkole w roku szkolnym 2025\/2026, <strong>organizacja egzaminu maturalnego 2026<\/strong>, wyb\u00f3r klasowej rady rodzic\u00f3w, sprawy bie\u017c\u0105ce;<\/li>\n<li><strong>23 pa\u017adziernika 2025 r., godz. 17.00 &#8211;<\/strong> klasy I &#8211; ZEBRANIA OG\u00d3LNE, przedstawienie wynik\u00f3w diagnoz przedmiotowych, sprawy bie\u017c\u0105ce;<\/li>\n<li><strong>23 pa\u017adziernika 2025 r., od godz. 17.00 do godz. 19.00<\/strong> &#8211; klasy I, II, III i IV &#8211; bie\u017c\u0105ce osi\u0105gni\u0119cia uczni\u00f3w, post\u0119py w nauce; KONSULTACJE INDYWIDUALNE RODZIC\u00d3W Z NAUCZYCIELAMI (wskazane jest um\u00f3wienie godziny konsultacji z nauczycielem);<\/li>\n<li><strong>22 stycznia 2026 r<\/strong>., <strong> 17.00<\/strong> &#8211; klasy I i III &#8211; ZEBRANIA OG\u00d3LNE: podsumowanie I semestru roku szkolnego 2025\/2026;<\/li>\n<li><strong>22 stycznia 2026 r<\/strong>., <strong> 18.00<\/strong> &#8211; klasy II i IV &#8211; ZEBRANIA OG\u00d3LNE: podsumowanie I semestru roku szkolnego 2025\/2026;<\/li>\n<li><strong>19 marca 2026 r., godz. 18.00<\/strong> &#8211; klasy IV &#8211; ZEBRANIA OG\u00d3LNE: bie\u017c\u0105ce osi\u0105gni\u0119cia uczni\u00f3w, post\u0119py w nauce, przewidywane oceny roczne z przedmiot\u00f3w i zachowania, zagro\u017cenia ocenami niedostatecznymi uczni\u00f3w klas IV;<\/li>\n<li><strong>19 marca 2026 r. od godz. 17.00 do godz. 19.00<\/strong>: klasy I, II, III i IV: bie\u017c\u0105ce osi\u0105gni\u0119cia uczni\u00f3w, post\u0119py w nauce; KONSULTACJE INDYWIDUALNE RODZIC\u00d3W Z\u00a0NAUCZYCIELAMI (wskazane jest um\u00f3wienie godziny konsultacji z nauczycielem),<\/li>\n<li><strong>21 maja 2026 r., godz. 17.00 &#8211;<\/strong> klasy I, II, III &#8211; ZEBRANIA OG\u00d3LNE: bie\u017c\u0105ce osi\u0105gni\u0119cia uczni\u00f3w, post\u0119py w nauce, zagro\u017cenia ocenami niedostatecznymi;<\/li>\n<\/ul>\n<p><strong>Propozycja dni wolnych od zaj\u0119\u0107 dydaktyczno-wychowawczych:<\/strong><\/p>\n<ol>\n<li><strong>31 pa\u017adziernika 2025 r. &#8211;<\/strong>\u00a0pi\u0105tek, dzie\u0144 przed \u015bwi\u0119tem Wszystkich \u015awi\u0119tych &#8211; ze\u00a0wzgl\u0119du na\u00a0du\u017c\u0105 liczb\u0119 uczni\u00f3w doje\u017cd\u017caj\u0105cych,<\/li>\n<li><strong>10 listopada 2025 r.<\/strong> &#8211; poniedzia\u0142ek, dzie\u0144 przed \u015bwi\u0119tem Odzyskania Niepodleg\u0142o\u015bci &#8211; ze wzgl\u0119du na du\u017c\u0105 liczb\u0119 uczni\u00f3w doje\u017cd\u017caj\u0105cych,<\/li>\n<li><strong>2 i 5 stycznia 2026 r. &#8211;<\/strong>\u00a0 pi\u0105tek i poniedzia\u0142ek po Nowym Roku ? ze\u00a0wzgl\u0119du na\u00a0du\u017c\u0105 liczb\u0119 uczni\u00f3w doje\u017cd\u017caj\u0105cych,<\/li>\n<li><strong>4 maja 2026 r<\/strong>. &#8211; poniedzia\u0142ek &#8211; egzamin maturalny z j\u0119zyka polskiego &#8211; pp,<\/li>\n<li><strong>5 maja 2026 r<\/strong>. &#8211; wtorek &#8211; egzamin maturalny z matematyki- pp,<\/li>\n<li><strong>6 maja 2026 r<\/strong>. &#8211; \u015broda &#8211; egzamin maturalny z j\u0119zyka angielskiego, j\u0119zyka niemieckiego i j\u0119zyka rosyjskiego &#8211; pp,<\/li>\n<li><strong>7 maja 2026 r<\/strong>. &#8211; czwartek &#8211; egzamin maturalny z j\u0119zyka angielskiego &#8211; pr,<\/li>\n<li><strong>8 maja 2026 r<\/strong>. &#8211; pi\u0105tek &#8211; egzamin maturalny z biologii &#8211; pr,<\/li>\n<li><strong>5 czerwca 2026 r. &#8211;<\/strong> pi\u0105tek po \u015bwi\u0119cie Bo\u017cego Cia\u0142a &#8211; organizacja pracy burs i internat\u00f3w, du\u017ca liczba uczni\u00f3w doje\u017cd\u017caj\u0105cych.<\/li>\n<\/ol>\n<p>W\u00a0tych dniach, mog\u0105 by\u0107 zorganizowane w szkole zaj\u0119cia opieku\u0144czo-wychowawcze i rozwijaj\u0105ce zainteresowania po uprzednim zg\u0142oszeniu si\u0119 uczni\u00f3w.<\/p>\n<p>&nbsp;<\/p>\n<p style=\"padding-left: 40px; text-align: right;\"><em>Bo\u017cena Ulchurska-Jackowska<\/em><\/p>\n<p>[\/vc_column_text][\/vc_column][\/vc_row]<\/p>\n","protected":false},"excerpt":{"rendered":"<p>[vc_row][vc_column][\/vc_column][\/vc_row][vc_row][vc_column][vc_column_text] Organizacja roku szkolnego 2025\/2026 Zaj\u0119cia dydaktyczne w roku szkolnym 2025\/2026 dla klas I, II i III trwaj\u0105 od\u00a01\u00a0wrze\u015bnia\u00a02025 r. do\u00a026\u00a0czerwca 2026 r. Zaj\u0119cia dydaktyczne w klasach maturalnych ko\u0144cz\u0105 si\u0119 24 kwietnia 2026 r. Semestr I trwa od 1 wrze\u015bnia 2025 r. do 18 stycznia 2026 r. Semestr II trwa od 19 stycznia 2026 r&#8230;.<\/p>\n","protected":false},"author":3,"featured_media":0,"parent":0,"menu_order":0,"comment_status":"closed","ping_status":"closed","template":"","meta":{"_acf_changed":false,"_s2mail":"","footnotes":""},"class_list":["post-3570","page","type-page","status-publish","hentry"],"acf":[],"_links":{"self":[{"href":"https:\/\/lo6.szczecin.pl\/index.php\/wp-json\/wp\/v2\/pages\/3570","targetHints":{"allow":["GET"]}}],"collection":[{"href":"https:\/\/lo6.szczecin.pl\/index.php\/wp-json\/wp\/v2\/pages"}],"about":[{"href":"https:\/\/lo6.szczecin.pl\/index.php\/wp-json\/wp\/v2\/types\/page"}],"author":[{"embeddable":true,"href":"https:\/\/lo6.szczecin.pl\/index.php\/wp-json\/wp\/v2\/users\/3"}],"replies":[{"embeddable":true,"href":"https:\/\/lo6.szczecin.pl\/index.php\/wp-json\/wp\/v2\/comments?post=3570"}],"version-history":[{"count":46,"href":"https:\/\/lo6.szczecin.pl\/index.php\/wp-json\/wp\/v2\/pages\/3570\/revisions"}],"predecessor-version":[{"id":12904,"href":"https:\/\/lo6.szczecin.pl\/index.php\/wp-json\/wp\/v2\/pages\/3570\/revisions\/12904"}],"wp:attachment":[{"href":"https:\/\/lo6.szczecin.pl\/index.php\/wp-json\/wp\/v2\/media?parent=3570"}],"curies":[{"name":"wp","href":"https:\/\/api.w.org\/{rel}","templated":true}]}}