{"id":10115,"date":"2021-06-17T08:31:01","date_gmt":"2021-06-17T06:31:01","guid":{"rendered":"https:\/\/lo6.szczecin.pl\/?page_id=10115"},"modified":"2026-05-11T13:30:46","modified_gmt":"2026-05-11T11:30:46","slug":"poradnik-dla-kandydatow","status":"publish","type":"page","link":"https:\/\/lo6.szczecin.pl\/index.php\/poradnik-dla-kandydatow\/","title":{"rendered":"Poradnik dla Kandydat\u00f3w"},"content":{"rendered":"<h3 style=\"padding-left: 40px;\">Poradnik dla Kandydat\u00f3w<\/h3>\n<p>&nbsp;<\/p>\n<p style=\"padding-left: 40px;\"><a href=\"https:\/\/lo6.szczecin.pl\/wp-content\/uploads\/2026\/05\/h2.png\"><img loading=\"lazy\" decoding=\"async\" class=\"alignnone wp-image-13137 size-full\" src=\"https:\/\/lo6.szczecin.pl\/wp-content\/uploads\/2026\/05\/h1.png\" alt=\"\" width=\"607\" height=\"861\" srcset=\"https:\/\/lo6.szczecin.pl\/wp-content\/uploads\/2026\/05\/h1.png 607w, https:\/\/lo6.szczecin.pl\/wp-content\/uploads\/2026\/05\/h1-211x300.png 211w\" sizes=\"auto, (max-width: 607px) 100vw, 607px\" \/><img loading=\"lazy\" decoding=\"async\" class=\"alignnone wp-image-13138 size-full\" src=\"https:\/\/lo6.szczecin.pl\/wp-content\/uploads\/2026\/05\/h2.png\" alt=\"\" width=\"602\" height=\"841\" srcset=\"https:\/\/lo6.szczecin.pl\/wp-content\/uploads\/2026\/05\/h2.png 602w, https:\/\/lo6.szczecin.pl\/wp-content\/uploads\/2026\/05\/h2-215x300.png 215w\" sizes=\"auto, (max-width: 602px) 100vw, 602px\" \/><\/a><\/p>\n<p style=\"padding-left: 40px;\"><a href=\"https:\/\/www.kuratorium.szczecin.pl\/wp-content\/uploads\/2026\/01\/zarzadzenie-zachodniopomorskiego-kuratora-oswiaty-w-sprawie-terminow-postepowania-rekrutacyjnego-do-klas-pierwszych-szkol-ponadpodstawowych-na-rok-szkolny-2026-27-docx.pdf\">Zarz\u0105dzenie Zachodniopomorskiego Kuratora O\u015bwiaty z dnia 29-01-2026 <\/a><br \/>\nw sprawie okre\u015blenia termin\u00f3w przeprowadzania post\u0119powania rekrutacyjnego i post\u0119powania<br \/>\nuzupe\u0142niaj\u0105cego, w tym termin\u00f3w sk\u0142adania dokument\u00f3w, do publicznych szk\u00f3\u0142 podstawowych dla<br \/>\ndoros\u0142ych, klas I publicznych szk\u00f3\u0142 ponadpodstawowych, klas wst\u0119pnych, o kt\u00f3rych mowa w art. 25<br \/>\nust. 3 ustawy Prawo o\u015bwiatowe i na semestr pierwszy klas I publicznych bran\u017cowych szk\u00f3\u0142 II stopnia<br \/>\ni publicznych szk\u00f3\u0142 policealnych na rok szkolny 2026\/2027 w wojew\u00f3dztwie zachodniopomorskim<\/p>\n<p style=\"padding-left: 40px;\"><a href=\"https:\/\/view.officeapps.live.com\/op\/view.aspx?src=https%3A%2F%2Fwww.kuratorium.szczecin.pl%2Fwp-content%2Fuploads%2F2026%2F01%2Fzalacznik-nr-1.docx&amp;wdOrigin=BROWSELINK\">Terminarz rekrutacji<\/a><\/p>\n<p style=\"padding-left: 40px;\">Instrukcja wype\u0142niania i sk\u0142adania wniosku na stronie Naboru w zak\u0142adce Dokumenty.<\/p>\n<p>&nbsp;<\/p>\n<p style=\"text-align: center;\"><a href=\"https:\/\/lo6.szczecin.pl\/wp-content\/uploads\/2025\/06\/INFORMATORDLARODZICOW.pdf\"><span style=\"color: #800000;\"><strong>PORADNIK DLA KANDYDATA 2025\/2026<\/strong><\/span><\/a><\/p>\n<p>&nbsp;<\/p>\n","protected":false},"excerpt":{"rendered":"<p>Poradnik dla Kandydat\u00f3w &nbsp; Zarz\u0105dzenie Zachodniopomorskiego Kuratora O\u015bwiaty z dnia 29-01-2026 w sprawie okre\u015blenia termin\u00f3w przeprowadzania post\u0119powania rekrutacyjnego i post\u0119powania uzupe\u0142niaj\u0105cego, w tym termin\u00f3w sk\u0142adania dokument\u00f3w, do publicznych szk\u00f3\u0142 podstawowych dla doros\u0142ych, klas I publicznych szk\u00f3\u0142 ponadpodstawowych, klas wst\u0119pnych, o kt\u00f3rych mowa w art. 25 ust. 3 ustawy Prawo o\u015bwiatowe i na semestr pierwszy klas&#8230;<\/p>\n","protected":false},"author":4,"featured_media":0,"parent":0,"menu_order":0,"comment_status":"closed","ping_status":"closed","template":"","meta":{"_acf_changed":false,"_s2mail":"","footnotes":""},"class_list":["post-10115","page","type-page","status-publish","hentry"],"acf":[],"_links":{"self":[{"href":"https:\/\/lo6.szczecin.pl\/index.php\/wp-json\/wp\/v2\/pages\/10115","targetHints":{"allow":["GET"]}}],"collection":[{"href":"https:\/\/lo6.szczecin.pl\/index.php\/wp-json\/wp\/v2\/pages"}],"about":[{"href":"https:\/\/lo6.szczecin.pl\/index.php\/wp-json\/wp\/v2\/types\/page"}],"author":[{"embeddable":true,"href":"https:\/\/lo6.szczecin.pl\/index.php\/wp-json\/wp\/v2\/users\/4"}],"replies":[{"embeddable":true,"href":"https:\/\/lo6.szczecin.pl\/index.php\/wp-json\/wp\/v2\/comments?post=10115"}],"version-history":[{"count":17,"href":"https:\/\/lo6.szczecin.pl\/index.php\/wp-json\/wp\/v2\/pages\/10115\/revisions"}],"predecessor-version":[{"id":13140,"href":"https:\/\/lo6.szczecin.pl\/index.php\/wp-json\/wp\/v2\/pages\/10115\/revisions\/13140"}],"wp:attachment":[{"href":"https:\/\/lo6.szczecin.pl\/index.php\/wp-json\/wp\/v2\/media?parent=10115"}],"curies":[{"name":"wp","href":"https:\/\/api.w.org\/{rel}","templated":true}]}}